8.
-217
-2 (base 8) to base 16
-2
What is 14 (base 14) in base 2?
10010
What is 5 (base 10) in base 14?
5
Convert -e (base 15) to base 12.
-12
What is -310 (base 6) in base 5?
-424
-11001010 (base 2) to base 15
-d7
Convert -2 (base 13) to base 2.
-10
What is -7 (base 15) in base 9?
-7
1a (base 16) to base 14
1c
What is 11 (base 3) in base 10?
4
What is -2 (base 16) in base 9?
-2
What is -7 (base 11) in base 5?
-12
What is 330 (base 9) in base 10?
270
What is -c (base 15) in base 11?
-11
-1 (base 13) to base 11
-1
What is 1 (base 6) in base 11?
1
Convert -10 (base 16) to base 12.
-14
Convert -18 (base 13) to base 11.
-1a
Convert 6 (base 12) to base 9.
6
-2 (base 12) to base 6
-2
-12 (base 5) to base 9
-7
-110 (base 4) to base 6
-32
Convert 1 (base 10) to base 14.
1
-4 (base 16) to base 13
-4
Convert -164 (base 14) to base 10.
-284
What is 10 (base 3) in base 14?
3
-3 (base 10) to base 16
-3
What is 100 (base 6) in base 14?
28
3 (base 9) to base 15
3
-14 (base 13) to base 3
-122
What is c (base 14) in base 11?
11
What is 122 (base 3) in base 16?
11
What is 24 (base 13) in base 5?
110
What is 12 (base 5) in base 7?
10
Convert 13 (base 4) to base 3.
21
321 (base 10) to base 5
2241
What is -4c (base 14) in base 13?
-53
Convert 1101010 (base 2) to base 4.
1222
Convert 2000 (base 4) to base 6.
332
Convert -3 (base 13) to base 2.
-11
Convert 7 (base 11) to base 5.
12
Convert -1 (base 11) to base 6.
-1
43 (base 6) to base 5
102
What is -56 (base 7) in base 14?
-2d
What is -120 (base 4) in base 12?
-20
Convert -20 (base 5) to base 16.
-a
Convert 2102 (base 3) to base 6.
145
What is 82 (base 14) in base 9?
136
Convert -5b (base 12) to base 2.
-1000111
What is 0 (base 8) in base 3?
0
What is 97 (base 14) in base 10?
133
Convert -308 (base 11) to base 16.
-173
What is 6 (base 9) in base 15?
6
3 (base 16) to base 2
11
What is 6 (base 10) in base 13?
6
Convert -15 (base 8) to base 16.
-d
What is 1 (base 3) in base 9?
1
-23 (base 9) to base 13
-18
What is -3 (base 14) in base 15?
-3
What is -15 (base 15) in base 11?
-19
What is 30 (base 4) in base 14?
c
What is 10b (base 12) in base 9?
182
Convert 11 (base 7) to base 11.
8
What is -2 (base 13) in base 5?
-2
45 (base 15) to base 7
122
11f (base 16) to base 14
167
What is -3 (base 5) in base 15?
-3
-10 (base 5) to base 14
-5
-99 (base 11) to base 10
-108
-1144 (base 5) to base 7
-336
-10 (base 3) to base 6
-3
Convert 3 (base 15) to base 9.
3
-1 (base 2) to base 3
-1
What is 3 (base 11) in base 8?
3
What is 37 (base 14) in base 4?
301
What is -34 (base 7) in base 16?
-19
What is 9 (base 10) in base 5?
14
What is -fc (base 16) in base 2?
-11111100
What is -10010 (base 2) in base 15?
-13
Convert 245 (base 8) to base 9.
203
234 (base 10) to base 5
1414
What is -c1 (base 13) in base 2?
-10011101
2002 (base 4) to base 13
a0
-2 (base 7) to base 2
-10
-1 (base 5) to base 7
-1
What is 122 (base 4) in base 14?
1c
-141 (base 10) to base 15
-96
Convert -57 (base 13) to base 8.
-110
Convert 6 (base 12) to base 15.
6
Convert b (base 16) to base 2.
1011
-101 (base 4) to base 13
-14
What is -1000 (base 2) in base 4?
-20
0 (base 3) to base 12
0
What is 70 (base 8) in base 5?
211
Convert 3 (base 15) to base 16.
3
Convert 370 (base 9) to base 12.
216
0 (base 14) to base 8
0
What is -40 (base 9) in base 7?
-51
-10110 (base 2) to base 14
-18
Convert 25 (base 9) to base 10.
23
Convert -37 (base 8) to base 10.
-31
Convert -a8 (base 15) to base 5.
-1113
Convert 133 (base 7) to base 14.
53
-15 (base 14) to base 3
-201
What is f (base 16) in base 4?
33
What is -2 (base 3) in base 14?
-2
-1 (base 12) to base 6
-1
Convert 22 (base 9) to base 13.
17
What is 28 (base 13) in base 9?
37
-17 (base 11) to base 14
-14
What is 1100 (base 2) in base 10?
12
What is 550 (base 7) in base 4?
10120
74 (base 15) to base 11
9a
-46 (base 12) to base 6
-130
Convert -1000 (base 3) to base 15.
-1c
Convert 10220 (base 3) to base 4.
1221
Convert -1c (base 16) to base 7.
-40
Convert 127 (base 10) to base 12.
a7
-20 (base 3) to base 16
-6
Convert -33 (base 4) to base 3.
-120
Convert 20 (base 13) to base 9.
28
What is -1101 (base 2) in base 5?
-23
What is -34 (base 12) in base 8?
-50
Convert -81 (base 12) to base 11.
-89
-204 (base 7) to base 14
-74
What is -100 (base 2) in base 11?
-4
Convert 10 (base 4) to base 9.
4
1 (base 4) to base 15
1
-6 (base 10) to base 2
-110
Convert -12 (base 15) to base 12.
-15
Convert -212 (base 9) to base 4.
-2231
-3 (base 7) to base 5
-3
Convert 106 (base 12) to base 5.
1100
What is -73 (base 11) in base 14?
-5a
What is 15 (base 9) in base 2?
1110
What is 8 (base 9) in base 14?
8
40 (base 6) to base 11
22
Convert -20212 (base 3) to base 13.
-113
What is 0 (base 11) in base 14?
0
10000001 (base 2) to base 7
243
2211 (base 3) to base 14
56
8 (base 11) to base 9
8
0 (base 7) to base 15
0
Convert 33 (base 12) to base 4.
213
What is -20 (base 4) in base 7?
-11
What is 5 (base 13) in base 6?
5
What is 101 (base 10) in base 7?
203
-88 (base 11) to base 13
-75
Convert 3 (base 9) to base 14.
3
What is 12 (base 5) in base 3?
21
What is -221 (base 3) in base 11?
-23
What is -1 (base 9) in base 6?
-1
Convert 22 (base 3) to base 13.
8
Convert -47 (base 13) to base 5.
-214
-5 (base 9) to base 12
-5
-231 (base 11) to base 12
-1b0
What is 63 (base 15) in base 12?
79
Convert -19a (base 14) to base 16.
-14c
What is -1 (base 11) in base 14?
-1
Convert 41 (base 7) to base 14.
21
What is 98 (base 12) in base 5?
431
16 (base 11) to base 2
10001
Convert 12 (base 16) to base 3.
200
Convert -54 (base 7) to base 6.
-103
-112 (base 8) to base 6
-202
-5 (base 8) to base 10
-5
-1 (base 14) to base 5
-1
Convert -93 (base 15) to base 14.
-9c
Convert -4 (base 11) to base 8.
-4
17 (base 8) to base 7
21
What is -19 (base 15) in base 11?
-22
30 (base 16) to base 8
60
-1d (base 15) to base 6
-44
What is 21 (base 3) in base 4?
13
Convert -7 (base 10) to base 11.
-7
Convert -411 (base 5) to base 6.
-254
What is -72 (base 13) in base 3?
-10110
c8 (base 15) to base 7
356
Convert 33 (base 15) to base 7.
66
Convert 2110 (base 5) to base 16.
118
Convert 231 (base 5) to base 6.
150
What is 9b (base 14) in base 5?
1022
Convert 102 (base 3) to base 4.
23
What is 102 (base 7) in base 16?
33
Convert 0 (base 10) to base 14.
0
-13 (base 4) to base 7
-10
-1022 (base 5) to base 4
-2021
-1314 (base 5) to base 13
-131
358 (base 10) to base 6
1354
Convert 10112 (base 3) to base 2.
1011111
What is -3 (base 11) in base 4?
-3
Convert 12 (base 7) to base 16.
9
Convert -1 (base 5) to base 11.
-1
Convert 4 (base 13) to base 5.
4
Convert 13 (base 13) to base 16.
10
What is -100011 (base 2) in base 8?
-43
-11110100 (base 2) to base 5
-1434
6 (base 11) to base 4
12
What is -141 (base 7) in base 12?
-66
What is -1111 (base 3) in base 2?
-101000
-3 (base 4) to base 14
-3
Convert 11 (base 2) to base 13.
3
What is -1e (base 16) in base 11?
-28
What is 21 (base 4) in base 6?
13
What is 3 (base 12) in base 11?
3
What is -4 (base 13) in base 2?
-100
-4 (base 8) to base 13
-4
Convert -31 (base 4) to base 12.
-11
Convert 2 (base 9) to base 2.
10
4 (base 16) to base 11
4
Convert 5d (base 14) to base 13.
65
Convert 0 (base 5) to base 12.
0
Convert 31 (base 13) to base 15.
2a
0 (base 9) to base 12
0
What is 3 (base 5) in base 2?
11
40 (base 15) to base 13
48
6 (base 13) to base 12
6
13 (base 13) to base 6
24
-8 (base 10) to base 13
-8
Convert 19 (base 12) to base 6.
33
What is -8 (base 10) in base 14?
-8
Convert -3 (base 8) to base 9.
-3
-10 (base 6) to base 10
-6
Convert -1 (base 5) to base 10.
-1
Convert 1010100 (base 2) to base 14.
60
Convert -15 (base 6) to base 4.
-23
Convert -45 (base 15) to base 16.
-41
What is 10 (base 14) in base 3?
112
What is -1 (base 13) in base 11?
-1
-1 (base 9) to base 16
-1
Convert 10123 (base 4) to base 16.
11b
Convert 23 (base 11) to base 7.
34
Convert -3 (base 13) to base 5.
-3
Convert 4 (base 16) to base 10.
4
Convert -101 (base 11) to base 16.
-7a
Convert -195 (base 14) to base 6.
-1303
Convert -8 (base 15) to base 11.
-8
What is -1 (base 7) in base 14?
-1
Convert 4 (base 7) to base 13.
4
-57 (base 10) to base 5
-212
4 (base 7) to base 4
10
What is 1 (base 11) in base 5?
1
-102 (base 3) to base 13
-b
Convert 2 (base 3) to base 11.
2
Convert 5 (base 15) to base 7.
